1 + 19 - 36) - -8.
-10
65 - (-5 - -2) - ((-2 - (-11 + 17)) + -4)
80
18 + -77 + 28 + 11 + 0 + -16
-36
Calculate (91 - -12) + 19 + -224.
-102
What is (1 - 5 - (1 - 9)) + (71 - 95)?
-20
What is the value of 0 - -17 - 15 - -15?
17
Calculate -1463 + 1481 + (0 - 6) + (0 - 2).
10
Evaluate (85 - 2) + -6032 + 5860.
-89
(-3 + 3 - (-15 - -8 - -18)) + 13
2
Calculate (69 + -74 - (27 + -2)) + -102.
-132
What is 21 + 167 + -49 + -71?
68
0 - (-13 + (12 - -18) - 26 - -20)
-11
What is (0 - 41) + -5450 + 5465?
-26
What is 1 + 41 - (-741 + 806)?
-23
15836 - 15914 - (1 + -1 + -1)
-77
Evaluate 1 + 15 + -11 - (8 - 88 - -25).
60
Evaluate (0 - 61) + (4 - (-13 + 10 + 1)) + -8.
-63
Calculate (-10 + 8 + -2 - (41 + -31)) + 89.
75
Evaluate -15 + -3 + (-11 + (16 - 9) - -116).
94
-32 + (-7 + -1 - ((51 - 47) + -5))
-39
What is (9 + -1 + -12 - -1) + 3 + 2?
2
What is -2 + -1 + 12 + (33 - (17 - -19)) - -15?
21
Calculate (73 - -1) + (22 + -4 - (-38 + 54) - 0).
76
What is (-78 - 29) + 21 + (16 - 15) + -4?
-89
Calculate -50 + 161 + -38 + -141.
-68
What is the value of -2 - (0 + 32 - (8 + (34 - 40)))?
-32
Evaluate -34 - (47 + -72) - (0 + -1 - (-2 + -16)).
-26
Evaluate 19 - (-25 - (-67 - 13)) - 7.
-43
Evaluate -61 - (-2 + -12 + 20 + -3 + -4).
-60
Evaluate -79 + (38 - -13) + -21.
-49
Evaluate -4 + -2 + 7 - (25 + -34 - 30).
40
Calculate (-27 - 0) + (-388 - -398) + -14.
-31
What is 116 - ((-59 - (-12 - 9)) + 57)?
97
Calculate 3 + 78 + -209 + 65.
-63
Evaluate 83 + -32 + 14 + (5 - (-5 - -2)).
73
What is 68 + -51 + -34 - -26?
9
Evaluate (-4 + -62 - (16 + (14 - 48))) + 18.
-30
Calculate 31 + (4 + -4 - (-54 + 82)).
3
Calculate 22 + -13 + 2 + -50.
-39
What is the value of -1 + 23 + (-262 - -253) + -58?
-45
Calculate (85 - 90 - 13) + -3 + 43.
22
Evaluate 19 - 12 - (-2 + -1) - 9 - (57 - 5).
-51
Evaluate 13 - (-44 - (-60 + -21)).
-24
Calculate 27 - (28 - (17 + -39)).
-23
What is the value of 66 + (2 - 40) + (1 - 1 - 2) + 10?
36
Evaluate 57 - (-76 + 47 + 49).
37
-9 - (0 + (3 - (3 - -1)) + -6)
-2
-36 + 31 + (-67 - -63)
-9
9 - ((-611 - -608) + 21 + 1)
-10
(51 + -64 - (-1 - 21)) + 90 + 18
117
0 - (-27 + (-25 - -153) - 6)
-95
Evaluate 5 + -23 + -40 + (3 - -10).
-45
Calculate -8 - ((-3 + -4 + 11 - 68) + 11).
45
What is 7 + 66 + -16 + -9?
48
-8 + (36 + -1 - (5 - (5 - 7)))
20
What is the value of -146 + 96 + 59 - 101?
-92
What is (11 - -36) + -13 + 9 + -27?
16
What is the value of 17 + -10 + -12 + 1 + 18 + -17?
-3
Calculate 17 + -1 + (1 - 0) + (-4 - (49 - 46)).
10
65 - 105 - (2 - -6 - -14)
-62
Evaluate 47 + -9 - ((-70 - -31) + 55).
22
What is -34 - -84 - (36 - 15)?
29
6 - 76 - (0 - -2) - (23 + -14) - 5
-86
What is (1 - 12) + (-38 - -3 - -21) - -1?
-24
(-61 - (-1 - 8 - -11)) + 12
-51
What is the value of -51 + 59 + -107 - -55?
-44
What is (7 - -36) + -5 + 20 + -25?
33
What is (-50 + -1 - (5 + -4 + -7)) + (12 - 5)?
-38
Evaluate -1226 + 1137 - (-5 + -161).
77
What is -18 + 9 + 47 + -10?
28
Calculate -11602 + 11557 + 0 + 4 + -2 + 22.
-21
Calculate 2 - 6 - (2188 - 2248).
56
Evaluate -8 - (-21 + 118 + -8).
-97
Calculate -2 + (-1 - 65) + (1 - ((-13 - -26) + -19)).
-61
Calculate -66 + 78 - ((13 - 12) + 27 + 4 + 0).
-20
What is the value of (106 - -9 - 93) + (-81 - 0)?
-59
18 - 87 - -29 - -43
3
What is the value of (104 - (22 + -7)) + -17?
72
What is (714 - 686 - (0 + 8) - 16) + -68?
-64
What is the value of 64 + 96 + -195 + 39?
4
What is 24 - (78 + -46) - -14?
6
Evaluate (3 - (204 - 106)) + 176.
81
Evaluate 24 - (-6 + 56 + 3) - 82.
-111
Calculate 46 + 60 + -13 + -199.
-106
12 - (1 - (-13 + (47 - 49) + 1 + 9))
6
Evaluate (-102 - -1) + (12 - 23) + 17 + -12.
-107
(27 - 10) + -33 + -1 + (62 - 8)
37
What is (-1879 - -1914) + (6 - 7) + -141?
-107
Calculate 53 - (58 + 42 - -71).
-118
What is the value of 61 + (1 - (-1 + 1) - (36 - (36 + -7)))?
55
Evaluate 21 - 17 - (12 + -46).
38
Evaluate -13 - (-50 - -63) - -85.
59
What is the value of 2421 + -2352 - (10 - (0 - 0)) - -8?
67
Calculate -24 - (29 - (-7 - (-57 + 28))).
-31
-12 + 31 + -33 + 0 + 25 + -55
-44
What is 1 + (-4 + -13 + 11 - (44 - 6))?
-43
Calculate 0 - 4 - (-25 + -6 + 22 - -30).
-25
What is the value of 326 + -288 - (27 - -13)?
-2
What is the value of 69 + (10 + -18 - (-16 - -18)) + 1?
60
Calculate 42 - (-37 + 35 + (-3 - -12)) - -3.
38
What is -118 + 73 - 20 - (-25 - 1)?
-39
Evaluate 29 + -20 + 13 + 26.
48
What is -14 - (4 + 14 + -13 + 19)?
-38
What is -11 + -36 + 35 + (72 - 1) + -4?
55
What is 50 + -48 + -2 - -62?
62
12 + -6 + 7 + -16 + -43 + (15 - 4)
-35
Calculate (6 + 3 - 91) + (-4 - (1 + -1)).
-86
-20 - (5 - 9 - 9) - ((-24 - 0) + 3)
14
Calculate 6 - (9 - (-9 + -2 + -4 + 8)).
-10
What is the value of 14 + (-1 + 36 - 22) + -20 + 0?
7
1 + 10 - (60 + (-1 - (-34 + -31)))
-113
Calculate 5 - (-14 - (-244 - -244 - (0 + -13))).
32
What is the value of 30 + (-8 - (2 - -26))?
-6
What is the value of 28 + 1 - (2451 + -2486)?
64
45 + (46 - 39) + -47
5
What is 0 + (9 - 1) + 22 + (35 - 3) + -22?
40
What is the value of -178 + 3 + 127 + -24?
-72
Calculate (-64 - -59) + -149 - (-13 - (-6 + 0 - -3)).
-144
17 + (-16 + (20 - -16) - 18)
19
Evaluate 77 - (23 - (-68 + 35)).
21
(526 + -540 - (-2 + -1)) + 65
54
Calculate 7 - (-34 - (45 - 55)).
31
What is the value of -35 - (4 + -2) - (3 - (24 + -27))?
-43
Calculate 0 + -99 + -256 + 144 + 95 + 23.
-93
What is (-162 - -161) + 13 + 24 + -13?
23
What is the value of 21 + (-7 - 22) + -19 + -12?
-39
What is -43 + -1 - (3 + 16 - (-107 + 115))?
-55
Evaluate -62 - (11 + -18 + -1 + 21).
-75
What is the value of -185 + 174 - (-94 + -1)?
84
-22 + (63 - 5) + -28
8
Calculate 25 - (-20 - -55 - 47).
37
What is (24 - -1) + (-327 + 174 - -181)?
53
Evaluate (0 - -31) + 164 + 201 + -352.
44
Calculate 5 + 17 + -6 - (-3 - -2).
17
-13 + 13 + -10 + 15 - 46 - -7 - 5
-39
What is the value of 28 + (51 - (122 + 4))?
-47
Calculate (-29 + 96 - 63) + -15.
-11
Calculate 11 - 13 - (-1 + (-6 - (5 - 11))) - 9.
-10
What is the value of -35 + (-10 - 24) + 33?
-36
-3 + -8 + 51 + -77
-37
(50 + 2 - 4) + (-36 - (50 + -106))
68
Calculate 1 + (2 - 0) + (-78 - -213) + -96.
42
Calculate -19 + (-9 - -17) + 5.
-6
What is (5 - 8 - -22 - 47 - -23) + 2 + -75?
-78
Evaluate (1 - -4) + -28 - (594 - 636).
19
What is (111 - 71) + 18 - 25?
33
Calculate -2 - (-11 + -11 - (-6 - -16 - 2)).
28
Calculate 50 + (-182 - -33) + 130.
31
What is the value of -109 - ((15 - 8) + -121)?
5
Calculate -135 + (-9 - 2 - (4 - ((5 - 1) + 10))).
-136
Evaluate -11 + -7 + (-167 - -162).
-23
(-17 - (-28 + 20 - 9)) + -22
-22
Calculate -6 - (-96 + 100 + -3 + 1) - -7.
-1
What is the value of 9 - ((1 - (-1 + 4)) + (6 - 20 - -6))?
19
What is the value of 60 - 48 - 11 - (0 + 2 + -6 - -6)?
-1
What is -39 + (-57 - -10) + 33?
-53
-3 - -8 - (-64 - (37 - 243))
-137
Calculate (106 + (1 - -2) - (1588 + -1580)) + 1.
102
What is (-6 - (-8 - -7)) + -4 + -2 - 12?
-23
Evaluate (-11 - (5 - 19) - (-4 - -2)) + 4.
9
(-37 - -36) + 37 - (18 + (-4 - (1 + -1)))
22
Evaluate -7 + -5 + (2 - 19) + 46.
17
Calculate -11 - (20 + -69 + 22) - 13.
3
Calculate -19 + -19 + 383 + -238.
107
Evaluate (36 - 4) + -580 + 589.
41
-88 - (-97 - 93) - 94
8
(3 - 2) + -10 - (10 - (3 + 13))
-3
Evaluate (-9 - (-21 - -1)) + 9 + 43 + 2.
65
What is (5 - (27 + -2 + -9)) + (-24 - 7)?
-42
-43 + 62 + 2 + -61
-40
What is the value of -46 - ((-41 - 19) + 20) - (54 + 2 + -5)?
-57
Calculate -9 - 1 - (-734 + 728).
-4
What is the value of 80 + -13 + (-14 - 26)?
27
Calculate 1 - -60 - (-379 + 502).
-62
Calculate -40 + 33 + -2 + -18 + 1.
-26
Calculate 9 + 8 + -19 + 21 + -15.
4
What is -4 + (-19 + 3 - -1 - -60) + (-1 - -3)?
43
Calculate 0 - (5 + (-6 - 26) - -82).
-55
-7 + 3 + (-13 + 7 - (21 + -1) - 13)
-43
Calculate -498 + 555 + -13 + -4.
40
Evaluate -67 + (-13 - (-10 - 24)) + -35.
-81
2 + -4 + 2 + 4 + 44 + -18 + -2
28
16 + (3 - 4) + 4 + -9 - 38
-28
What is (-2 - 59) + -41 + -38?
-140
Evaluate -243 + 169 + 8 + (-5 - 33).
-104
What is -15 + (17 - (46 - 20) - 4)?
-28
26 - 55 - (42 + -41)
-30
Calculate (-36 - -3) + (485 - 490).
-38
(-241 - -280 - (1 + 6)) + -3
29
-42 - ((888 - 980) + (1 - -9))
40
What is -1 + 1 + (3 - 0) - (-118 + 255 + -95)?
-39
(8 - -4) + (-75 - -38 - 18)
-43
Calculate (4 - -29 - -20) + -29.
24
What is the value of 76 + -61 + -233 - -116?
-102
1 + 19 + -89 + -62 + -10 + 16
-125
-11 - -7 - -5 - (23 + 6 + -23)
-5
What is the value of 31 - 19 - (-61 - -9 - -2